{"id":78,"date":"2026-03-05T10:42:12","date_gmt":"2026-03-05T10:42:12","guid":{"rendered":"https:\/\/timtrans.com.tr\/?page_id=78"},"modified":"2026-03-18T22:24:31","modified_gmt":"2026-03-18T22:24:31","slug":"hakkimizda","status":"publish","type":"page","link":"https:\/\/timtrans.com.tr\/index.php\/hakkimizda\/","title":{"rendered":"Hakk\u0131m\u0131zda"},"content":{"rendered":"\n<p><strong>Tim Trans Logistics<\/strong><\/p>\n\n\n\n<p>Tim Trans Logistics olarak, ta\u015f\u0131mac\u0131l\u0131k ve lojistik alan\u0131nda g\u00fcvenilir, h\u0131zl\u0131 ve profesyonel \u00e7\u00f6z\u00fcmler sunuyoruz. M\u00fc\u015fteri memnuniyetini merkezine alan hizmet anlay\u0131\u015f\u0131m\u0131zla, y\u00fcklerinizi zaman\u0131nda ve sorunsuz \u015fekilde hedef noktaya ula\u015ft\u0131rmay\u0131 hedefliyoruz.<\/p>\n\n\n\n<p>G\u00fc\u00e7l\u00fc operasyon altyap\u0131m\u0131z ve deneyimli ekibimiz sayesinde, \u015fehir i\u00e7i ve \u015fehirler aras\u0131 ta\u015f\u0131mac\u0131l\u0131k s\u00fcre\u00e7lerini titizlikle y\u00f6netiyor, her a\u015famada kalite ve g\u00fcven standartlar\u0131n\u0131 \u00f6n planda tutuyoruz.<\/p>\n\n\n\n<p>Lojistik s\u00fcre\u00e7lerde h\u0131z, g\u00fcven ve s\u00fcreklili\u011fin ne kadar \u00f6nemli oldu\u011funun bilinciyle hareket ediyor; i\u015f ortaklar\u0131m\u0131za kesintisiz ve s\u00fcrd\u00fcr\u00fclebilir \u00e7\u00f6z\u00fcmler sunuyoruz.<\/p>\n\n\n\n<figure class=\"wp-block-image size-large\"><img loading=\"lazy\" decoding=\"async\" width=\"1024\" height=\"683\" src=\"https:\/\/timtrans.com.tr\/wp-content\/uploads\/2026\/03\/22f3dce9-30d0-48db-8d05-caf41c53e285-1024x683.png\" alt=\"\" class=\"wp-image-95\" style=\"object-fit:cover\" srcset=\"https:\/\/timtrans.com.tr\/wp-content\/uploads\/2026\/03\/22f3dce9-30d0-48db-8d05-caf41c53e285-1024x683.png 1024w, https:\/\/timtrans.com.tr\/wp-content\/uploads\/2026\/03\/22f3dce9-30d0-48db-8d05-caf41c53e285-300x200.png 300w, https:\/\/timtrans.com.tr\/wp-content\/uploads\/2026\/03\/22f3dce9-30d0-48db-8d05-caf41c53e285-768x512.png 768w, https:\/\/timtrans.com.tr\/wp-content\/uploads\/2026\/03\/22f3dce9-30d0-48db-8d05-caf41c53e285-1170x780.png 1170w, https:\/\/timtrans.com.tr\/wp-content\/uploads\/2026\/03\/22f3dce9-30d0-48db-8d05-caf41c53e285.png 1248w\" sizes=\"auto, (max-width: 1024px) 100vw, 1024px\" \/><\/figure>\n\n\n\n<h2 class=\"wp-block-heading\" style=\"font-size:27px\">M\u0130SYONUMUZ<\/h2>\n\n\n\n<p>M\u00fc\u015fterilerimize h\u0131zl\u0131, g\u00fcvenilir ve zaman\u0131nda ta\u015f\u0131mac\u0131l\u0131k hizmeti sunarak, lojistik s\u00fcre\u00e7lerini en verimli \u015fekilde y\u00f6netmelerine katk\u0131 sa\u011flamak.<\/p>\n\n\n\n<figure class=\"wp-block-image size-large\"><img loading=\"lazy\" decoding=\"async\" width=\"1024\" height=\"683\" src=\"https:\/\/timtrans.com.tr\/wp-content\/uploads\/2026\/03\/4b72a326-b716-41e0-b52d-1acb6d3ee660-1024x683.png\" alt=\"\" class=\"wp-image-97\" srcset=\"https:\/\/timtrans.com.tr\/wp-content\/uploads\/2026\/03\/4b72a326-b716-41e0-b52d-1acb6d3ee660-1024x683.png 1024w, https:\/\/timtrans.com.tr\/wp-content\/uploads\/2026\/03\/4b72a326-b716-41e0-b52d-1acb6d3ee660-300x200.png 300w, https:\/\/timtrans.com.tr\/wp-content\/uploads\/2026\/03\/4b72a326-b716-41e0-b52d-1acb6d3ee660-768x512.png 768w, https:\/\/timtrans.com.tr\/wp-content\/uploads\/2026\/03\/4b72a326-b716-41e0-b52d-1acb6d3ee660-1170x780.png 1170w, https:\/\/timtrans.com.tr\/wp-content\/uploads\/2026\/03\/4b72a326-b716-41e0-b52d-1acb6d3ee660.png 1248w\" sizes=\"auto, (max-width: 1024px) 100vw, 1024px\" \/><\/figure>\n\n\n\n<h2 class=\"wp-block-heading\" style=\"font-size:27px\">V\u0130ZYONUMUZ<\/h2>\n\n\n\n<p>Lojistik sekt\u00f6r\u00fcnde g\u00fcvenilirli\u011fi ve hizmet kalitesiyle \u00f6ne \u00e7\u0131kan, tercih edilen bir marka olmak.<\/p>\n\n\n\n<figure class=\"wp-block-image size-large\"><img loading=\"lazy\" decoding=\"async\" width=\"1024\" height=\"683\" src=\"https:\/\/timtrans.com.tr\/wp-content\/uploads\/2026\/03\/d4fd30c3-2ec1-41dc-8f93-7bbc5897546b-1024x683.png\" alt=\"\" class=\"wp-image-98\" srcset=\"https:\/\/timtrans.com.tr\/wp-content\/uploads\/2026\/03\/d4fd30c3-2ec1-41dc-8f93-7bbc5897546b-1024x683.png 1024w, https:\/\/timtrans.com.tr\/wp-content\/uploads\/2026\/03\/d4fd30c3-2ec1-41dc-8f93-7bbc5897546b-300x200.png 300w, https:\/\/timtrans.com.tr\/wp-content\/uploads\/2026\/03\/d4fd30c3-2ec1-41dc-8f93-7bbc5897546b-768x512.png 768w, https:\/\/timtrans.com.tr\/wp-content\/uploads\/2026\/03\/d4fd30c3-2ec1-41dc-8f93-7bbc5897546b-1170x780.png 1170w, https:\/\/timtrans.com.tr\/wp-content\/uploads\/2026\/03\/d4fd30c3-2ec1-41dc-8f93-7bbc5897546b.png 1248w\" sizes=\"auto, (max-width: 1024px) 100vw, 1024px\" \/><\/figure>\n\n\n\n<h2 class=\"wp-block-heading\" style=\"font-size:27px\">DE\u011eERLER\u0130M\u0130Z<\/h2>\n\n\n\n<ul class=\"wp-block-list\">\n<li>G\u00fcvenilirlik<\/li>\n\n\n\n<li>Zaman\u0131nda teslimat<\/li>\n\n\n\n<li>M\u00fc\u015fteri memnuniyeti<\/li>\n\n\n\n<li>Profesyonellik<\/li>\n\n\n\n<li>S\u00fcreklilik<\/li>\n<\/ul>\n\n\n\n<figure class=\"wp-block-image size-large\"><img loading=\"lazy\" decoding=\"async\" width=\"1024\" height=\"683\" src=\"https:\/\/timtrans.com.tr\/wp-content\/uploads\/2026\/03\/203c95c0-f556-4b7b-aabb-e02b54eba0c8-1024x683.png\" alt=\"\" class=\"wp-image-99\" srcset=\"https:\/\/timtrans.com.tr\/wp-content\/uploads\/2026\/03\/203c95c0-f556-4b7b-aabb-e02b54eba0c8-1024x683.png 1024w, https:\/\/timtrans.com.tr\/wp-content\/uploads\/2026\/03\/203c95c0-f556-4b7b-aabb-e02b54eba0c8-300x200.png 300w, https:\/\/timtrans.com.tr\/wp-content\/uploads\/2026\/03\/203c95c0-f556-4b7b-aabb-e02b54eba0c8-768x512.png 768w, https:\/\/timtrans.com.tr\/wp-content\/uploads\/2026\/03\/203c95c0-f556-4b7b-aabb-e02b54eba0c8-1170x780.png 1170w, https:\/\/timtrans.com.tr\/wp-content\/uploads\/2026\/03\/203c95c0-f556-4b7b-aabb-e02b54eba0c8.png 1248w\" sizes=\"auto, (max-width: 1024px) 100vw, 1024px\" \/><\/figure>\n","protected":false},"excerpt":{"rendered":"<p>Tim Trans Logistics Tim Trans Logistics olarak, ta\u015f\u0131mac\u0131l\u0131k ve lojistik alan\u0131nda g\u00fcvenilir, h\u0131zl\u0131 ve profesyonel \u00e7\u00f6z\u00fcmler sunuyoruz. M\u00fc\u015fteri memnuniyetini merkezine alan hizmet anlay\u0131\u015f\u0131m\u0131zla, y\u00fcklerinizi zaman\u0131nda ve sorunsuz \u015fekilde hedef noktaya ula\u015ft\u0131rmay\u0131 hedefliyoruz. G\u00fc\u00e7l\u00fc operasyon altyap\u0131m\u0131z ve deneyimli ekibimiz sayesinde, \u015fehir i\u00e7i ve \u015fehirler aras\u0131 ta\u015f\u0131mac\u0131l\u0131k s\u00fcre\u00e7lerini titizlikle y\u00f6netiyor, her a\u015famada kalite ve g\u00fcven standartlar\u0131n\u0131 \u00f6n [&hellip;]<\/p>\n","protected":false},"author":1,"featured_media":0,"parent":0,"menu_order":0,"comment_status":"closed","ping_status":"closed","template":"","meta":{"_kadence_starter_templates_imported_post":false,"footnotes":""},"class_list":["post-78","page","type-page","status-publish","hentry"],"_links":{"self":[{"href":"https:\/\/timtrans.com.tr\/index.php\/wp-json\/wp\/v2\/pages\/78","targetHints":{"allow":["GET"]}}],"collection":[{"href":"https:\/\/timtrans.com.tr\/index.php\/wp-json\/wp\/v2\/pages"}],"about":[{"href":"https:\/\/timtrans.com.tr\/index.php\/wp-json\/wp\/v2\/types\/page"}],"author":[{"embeddable":true,"href":"https:\/\/timtrans.com.tr\/index.php\/wp-json\/wp\/v2\/users\/1"}],"replies":[{"embeddable":true,"href":"https:\/\/timtrans.com.tr\/index.php\/wp-json\/wp\/v2\/comments?post=78"}],"version-history":[{"count":7,"href":"https:\/\/timtrans.com.tr\/index.php\/wp-json\/wp\/v2\/pages\/78\/revisions"}],"predecessor-version":[{"id":101,"href":"https:\/\/timtrans.com.tr\/index.php\/wp-json\/wp\/v2\/pages\/78\/revisions\/101"}],"wp:attachment":[{"href":"https:\/\/timtrans.com.tr\/index.php\/wp-json\/wp\/v2\/media?parent=78"}],"curies":[{"name":"wp","href":"https:\/\/api.w.org\/{rel}","templated":true}]}}