{"id":81,"date":"2026-03-05T10:51:10","date_gmt":"2026-03-05T10:51:10","guid":{"rendered":"https:\/\/timtrans.com.tr\/?page_id=81"},"modified":"2026-03-18T23:55:44","modified_gmt":"2026-03-18T23:55:44","slug":"islerimiz","status":"publish","type":"page","link":"https:\/\/timtrans.com.tr\/index.php\/islerimiz\/","title":{"rendered":"Hizmetlerimiz"},"content":{"rendered":"\n<p>Tim Trans Lojistik D\u0131\u015f Ticaret Limited \u015eirketi olarak; ba\u015fta Rusya ve Ukrayna olmak \u00fczere, t\u00fcm Asya \u00fclkeleri ile Avrupa \u00fclkeleri ve T\u00fcrkiye aras\u0131nda parsiyel ve komple y\u00fck ta\u015f\u0131mac\u0131l\u0131\u011f\u0131 hizmetleri sunmaktay\u0131z.<\/p>\n\n\n\n<p>Uluslararas\u0131 lojistik operasyonlar\u0131m\u0131z\u0131 planl\u0131, g\u00fcvenilir ve profesyonel bir \u015fekilde y\u00f6neterek, m\u00fc\u015fterilerimize kesintisiz ve zaman\u0131nda teslimat sa\u011fl\u0131yoruz.<\/p>\n\n\n\n<figure class=\"wp-block-image size-large\"><img loading=\"lazy\" decoding=\"async\" width=\"1024\" height=\"572\" src=\"https:\/\/timtrans.com.tr\/wp-content\/uploads\/2026\/03\/hf_20260318_234148_5213eedf-a102-48a3-a7c9-e9ca8dac53a9-1024x572.jpeg\" alt=\"\" class=\"wp-image-124\" srcset=\"https:\/\/timtrans.com.tr\/wp-content\/uploads\/2026\/03\/hf_20260318_234148_5213eedf-a102-48a3-a7c9-e9ca8dac53a9-1024x572.jpeg 1024w, https:\/\/timtrans.com.tr\/wp-content\/uploads\/2026\/03\/hf_20260318_234148_5213eedf-a102-48a3-a7c9-e9ca8dac53a9-300x167.jpeg 300w, https:\/\/timtrans.com.tr\/wp-content\/uploads\/2026\/03\/hf_20260318_234148_5213eedf-a102-48a3-a7c9-e9ca8dac53a9-768x429.jpeg 768w, https:\/\/timtrans.com.tr\/wp-content\/uploads\/2026\/03\/hf_20260318_234148_5213eedf-a102-48a3-a7c9-e9ca8dac53a9-1536x857.jpeg 1536w, https:\/\/timtrans.com.tr\/wp-content\/uploads\/2026\/03\/hf_20260318_234148_5213eedf-a102-48a3-a7c9-e9ca8dac53a9-2048x1143.jpeg 2048w, https:\/\/timtrans.com.tr\/wp-content\/uploads\/2026\/03\/hf_20260318_234148_5213eedf-a102-48a3-a7c9-e9ca8dac53a9-1170x653.jpeg 1170w\" sizes=\"auto, (max-width: 1024px) 100vw, 1024px\" \/><\/figure>\n\n\n\n<hr class=\"wp-block-separator has-alpha-channel-opacity\"\/>\n\n\n\n<h2 class=\"wp-block-heading\">\ud83d\ude9b&nbsp;<strong>Lojistik Hizmetlerimiz<\/strong><\/h2>\n\n\n\n<ul class=\"wp-block-list\">\n<li>Rusya parsiyel ve komple lojistik hizmetleri<\/li>\n\n\n\n<li>Ukrayna parsiyel ve komple lojistik hizmetleri<\/li>\n\n\n\n<li>Asya \u00fclkelerine parsiyel ve komple lojistik hizmetleri<\/li>\n\n\n\n<li>Avrupa \u00fclkelerine parsiyel ve komple lojistik hizmetleri<\/li>\n\n\n\n<li>Intermodal lojistik hizmetleri<\/li>\n\n\n\n<li>Serbest depolama hizmetleri<\/li>\n\n\n\n<li>Yurtd\u0131\u015f\u0131 g\u00fcmr\u00fckleme hizmetleri<\/li>\n\n\n\n<li>Yurt i\u00e7i lojistik hizmetleri<\/li>\n<\/ul>\n\n\n\n<p><\/p>\n\n\n\n<hr class=\"wp-block-separator has-alpha-channel-opacity\"\/>\n\n\n\n<h2 class=\"wp-block-heading\">\ud83e\udd1d&nbsp;<strong>Hizmet Anlay\u0131\u015f\u0131m\u0131z<\/strong><\/h2>\n\n\n\n<p>T\u00fcm lojistik s\u00fcre\u00e7lerde g\u00fcven, h\u0131z ve s\u00fcreklili\u011fi \u00f6n planda tutarak; m\u00fc\u015fterilerimize en uygun \u00e7\u00f6z\u00fcmleri sunmay\u0131 hedefliyoruz.<br>Deneyimli ekibimiz ve g\u00fc\u00e7l\u00fc operasyon altyap\u0131m\u0131z ile ta\u015f\u0131mac\u0131l\u0131k s\u00fcre\u00e7lerinizi sorunsuz \u015fekilde y\u00f6netiyoruz.<\/p>\n","protected":false},"excerpt":{"rendered":"<p>Tim Trans Lojistik D\u0131\u015f Ticaret Limited \u015eirketi olarak; ba\u015fta Rusya ve Ukrayna olmak \u00fczere, t\u00fcm Asya \u00fclkeleri ile Avrupa \u00fclkeleri ve T\u00fcrkiye aras\u0131nda parsiyel ve komple y\u00fck ta\u015f\u0131mac\u0131l\u0131\u011f\u0131 hizmetleri sunmaktay\u0131z. Uluslararas\u0131 lojistik operasyonlar\u0131m\u0131z\u0131 planl\u0131, g\u00fcvenilir ve profesyonel bir \u015fekilde y\u00f6neterek, m\u00fc\u015fterilerimize kesintisiz ve zaman\u0131nda teslimat sa\u011fl\u0131yoruz. \ud83d\ude9b&nbsp;Lojistik Hizmetlerimiz \ud83e\udd1d&nbsp;Hizmet Anlay\u0131\u015f\u0131m\u0131z T\u00fcm lojistik s\u00fcre\u00e7lerde g\u00fcven, h\u0131z [&hellip;]<\/p>\n","protected":false},"author":1,"featured_media":0,"parent":0,"menu_order":0,"comment_status":"closed","ping_status":"closed","template":"","meta":{"_kadence_starter_templates_imported_post":false,"footnotes":""},"class_list":["post-81","page","type-page","status-publish","hentry"],"_links":{"self":[{"href":"https:\/\/timtrans.com.tr\/index.php\/wp-json\/wp\/v2\/pages\/81","targetHints":{"allow":["GET"]}}],"collection":[{"href":"https:\/\/timtrans.com.tr\/index.php\/wp-json\/wp\/v2\/pages"}],"about":[{"href":"https:\/\/timtrans.com.tr\/index.php\/wp-json\/wp\/v2\/types\/page"}],"author":[{"embeddable":true,"href":"https:\/\/timtrans.com.tr\/index.php\/wp-json\/wp\/v2\/users\/1"}],"replies":[{"embeddable":true,"href":"https:\/\/timtrans.com.tr\/index.php\/wp-json\/wp\/v2\/comments?post=81"}],"version-history":[{"count":6,"href":"https:\/\/timtrans.com.tr\/index.php\/wp-json\/wp\/v2\/pages\/81\/revisions"}],"predecessor-version":[{"id":126,"href":"https:\/\/timtrans.com.tr\/index.php\/wp-json\/wp\/v2\/pages\/81\/revisions\/126"}],"wp:attachment":[{"href":"https:\/\/timtrans.com.tr\/index.php\/wp-json\/wp\/v2\/media?parent=81"}],"curies":[{"name":"wp","href":"https:\/\/api.w.org\/{rel}","templated":true}]}}